{"id":2340,"date":"2022-09-23T13:35:34","date_gmt":"2022-09-23T13:35:34","guid":{"rendered":"https:\/\/salvadorpalomares.es\/?page_id=2340"},"modified":"2022-09-30T13:54:02","modified_gmt":"2022-09-30T13:54:02","slug":"fotovoltaiques-dautoconsum","status":"publish","type":"page","link":"https:\/\/salvadorpalomares.es\/ca\/fotovoltaiques-dautoconsum\/","title":{"rendered":"FOTOVOLTAIQUES D&#8217;AUTOCONSUM"},"content":{"rendered":"<p>[et_pb_section fb_built=&#8221;1&#8243; fullwidth=&#8221;on&#8221; _builder_version=&#8221;4.5.3&#8243; _module_preset=&#8221;default&#8221; background_color=&#8221;#000000&#8243; background_enable_image=&#8221;off&#8221;][et_pb_fullwidth_slider use_bg_overlay=&#8221;on&#8221; bg_overlay_color=&#8221;#000000&#8243; _builder_version=&#8221;4.5.3&#8243; _module_preset=&#8221;default&#8221; background_enable_image=&#8221;off&#8221; custom_padding=&#8221;197px||211px|||&#8221;][et_pb_slide heading=&#8221;PROJECTES I INSTAL\u00b7LACIONS FOTOVOLTAIQUES D&#8217;AUTOCONSUM &#8221; button_text=&#8221;Contacta&#8217;ns&#8221; use_bg_overlay=&#8221;on&#8221; bg_overlay_color=&#8221;rgba(0,0,0,0.07)&#8221; _builder_version=&#8221;4.5.3&#8243; _module_preset=&#8221;default&#8221; header_font=&#8221;|700|||||||&#8221; header_text_color=&#8221;#ffffff&#8221; header_font_size=&#8221;28px&#8221; body_font=&#8221;|700|||||||&#8221; body_text_color=&#8221;#ffffff&#8221; body_font_size=&#8221;18px&#8221; background_color=&#8221;#000000&#8243; background_enable_color=&#8221;on&#8221; background_image=&#8221;https:\/\/salvadorpalomares.es\/wp-content\/uploads\/2022\/09\/IMG-20220919-WA0008.jpg&#8221; background_enable_image=&#8221;on&#8221; custom_button=&#8221;on&#8221; button_text_size=&#8221;18px&#8221; button_text_color=&#8221;#000000&#8243; button_bg_color=&#8221;#f4d400&#8243; button_border_color=&#8221;#f4d400&#8243; button_font=&#8221;|700|||||||&#8221; button_icon=&#8221;%%24%%&#8221; header_text_shadow_style=&#8221;preset1&#8243; header_text_shadow_horizontal_length=&#8221;0.05em&#8221; header_text_shadow_vertical_length=&#8221;0.13em&#8221; header_text_shadow_blur_strength=&#8221;0.13em&#8221; header_text_shadow_color=&#8221;rgba(0,0,0,0.58)&#8221; body_text_shadow_style=&#8221;preset1&#8243; body_text_shadow_horizontal_length=&#8221;0.11em&#8221; body_text_shadow_vertical_length=&#8221;0.15em&#8221; body_text_shadow_blur_strength=&#8221;0.13em&#8221; body_text_shadow_color=&#8221;rgba(0,0,0,0.61)&#8221;]<\/p>\n<p><strong>Oferim un servei CLAU EN M\u00c0 i tramitem les teves SUBVENCIONS.<\/strong><\/p>\n<p>[\/et_pb_slide][\/et_pb_fullwidth_slider][\/et_pb_section][et_pb_section fb_built=&#8221;1&#8243; _builder_version=&#8221;4.5.3&#8243; _module_preset=&#8221;default&#8221; background_color=&#8221;#f4d400&#8243; custom_padding=&#8221;0px||3px|||&#8221; box_shadow_style=&#8221;preset6&#8243; box_shadow_blur=&#8221;28px&#8221; box_shadow_spread=&#8221;-1px&#8221;][et_pb_row _builder_version=&#8221;4.5.3&#8243; _module_preset=&#8221;default&#8221;][et_pb_column type=&#8221;4_4&#8243; _builder_version=&#8221;4.5.3&#8243; _module_preset=&#8221;default&#8221;][et_pb_cta title=&#8221;PROJECTES D&#8217;INSTAL\u00b7LACIONS FOTOVOLTAIQUES&#8221; button_url=&#8221;#&#8221; _builder_version=&#8221;4.5.3&#8243; _module_preset=&#8221;default&#8221; header_font=&#8221;|700|||||||&#8221; header_text_color=&#8221;#002c5e&#8221; body_text_color=&#8221;#002c5e&#8221; body_font_size=&#8221;16px&#8221; background_color=&#8221;rgba(0,0,0,0)&#8221; custom_button=&#8221;on&#8221; button_text_size=&#8221;16px&#8221; button_text_color=&#8221;#ffffff&#8221; button_bg_color=&#8221;#002c5e&#8221; button_border_color=&#8221;#002c5e&#8221; button_border_radius=&#8221;5px&#8221; button_font=&#8221;|700|||||||&#8221; button_icon=&#8221;%%24%%&#8221; button_icon_color=&#8221;#f4d400&#8243; button_alignment=&#8221;center&#8221; button_bg_color__hover_enabled=&#8221;on|desktop&#8221; button_bg_color__hover=&#8221;#000000&#8243; button_bg_enable_color__hover=&#8221;on&#8221; button_text_color__hover_enabled=&#8221;on|hover&#8221; button_text_color__hover=&#8221;#ffffff&#8221; button_icon_color__hover_enabled=&#8221;on|hover&#8221; button_icon_color__hover=&#8221;#ffffff&#8221;]<\/p>\n<p><span>L&#8217;energia solar continua creixent, e<\/span>ls nostres professionals s&#8217;emparen en la seva experi\u00e8ncia en el disseny d&#8217;instal\u00b7lacions &gt; 2 GW en instal\u00b7lacions de venda d&#8217;energia i &gt; 4 MW en instal\u00b7lacions d&#8217;autoconsum.<\/p>\n<p>[\/et_pb_cta][\/et_pb_column][\/et_pb_row][\/et_pb_section][et_pb_section fb_built=&#8221;1&#8243; _builder_version=&#8221;4.5.3&#8243; _module_preset=&#8221;default&#8221; background_color=&#8221;rgba(255,255,255,0.9)&#8221; background_image=&#8221;https:\/\/salvadorpalomares.es\/wp-content\/uploads\/2022\/09\/IMG-20220919-WA0006.jpg&#8221; background_blend=&#8221;color-burn&#8221; custom_padding=&#8221;75px||47px|||&#8221;][et_pb_row _builder_version=&#8221;4.5.3&#8243; _module_preset=&#8221;default&#8221;][et_pb_column type=&#8221;4_4&#8243; _builder_version=&#8221;4.5.3&#8243; _module_preset=&#8221;default&#8221;][et_pb_text _builder_version=&#8221;4.5.3&#8243; _module_preset=&#8221;default&#8221; text_font_size=&#8221;16px&#8221; custom_padding=&#8221;32px|||||&#8221;]<\/p>\n<p>Realitzem el disseny, l&#8217;optimitzaci\u00f3, la tramitaci\u00f3 (pr\u00e8via i de legalitzaci\u00f3), l&#8217;execuci\u00f3, la supervisi\u00f3 i la posada en marxa d&#8217;instal\u00b7lacions fotovoltaiques d&#8217;autoconsum.<\/p>\n<p>[\/et_pb_text][et_pb_text _builder_version=&#8221;4.5.3&#8243; _module_preset=&#8221;default&#8221; text_text_color=&#8221;#ffffff&#8221; text_font_size=&#8221;16px&#8221; background_color=&#8221;#00208a&#8221; custom_margin=&#8221;0px||||false|false&#8221; custom_padding=&#8221;32px|7px|24px|35px|false|false&#8221; border_radii=&#8221;off||60px||60px&#8221; box_shadow_style=&#8221;preset2&#8243; box_shadow_blur=&#8221;19px&#8221; box_shadow_color=&#8221;rgba(0,0,0,0.55)&#8221;]<\/p>\n<p><img loading=\"lazy\" src=\"https:\/\/salvadorpalomares.es\/wp-content\/uploads\/2022\/09\/pngegg-3.png\" width=\"12\" height=\"12\" alt=\"\" class=\"wp-image-2269 alignnone size-full\" \/> <strong>Instal\u00b7lacions d&#8217;autoconsum sense excedents:<\/strong><\/p>\n<p>\u00a0 \u00a0 &#8211; Podr\u00e0s beneficiar-te de l&#8217;energia produ\u00efda consumint-la a l&#8217;instant o emmagatzemant-la per al consum posterior.<\/p>\n<p><img loading=\"lazy\" src=\"https:\/\/salvadorpalomares.es\/wp-content\/uploads\/2022\/09\/pngegg-3.png\" width=\"12\" height=\"12\" alt=\"\" class=\"wp-image-2269 alignnone size-full\" \/> <strong>Instal\u00b7lacions d&#8217;autoconsum amb excedents:<\/strong><\/p>\n<p style=\"padding-left: 60px;\"><img loading=\"lazy\" src=\"https:\/\/salvadorpalomares.es\/wp-content\/uploads\/2022\/09\/pngegg-4.png\" width=\"13\" height=\"13\" alt=\"\" class=\"wp-image-2271 alignnone size-full\" \/> <strong>Acollida a compensaci\u00f3:<\/strong> L&#8217;energia produ\u00efda excedent\u00e0ria s&#8217;abocar\u00e0 a la xarxa i generar\u00e0 un descompte a la factura el\u00e8ctrica.<\/p>\n<p style=\"padding-left: 60px;\"><img loading=\"lazy\" src=\"https:\/\/salvadorpalomares.es\/wp-content\/uploads\/2022\/09\/pngegg-4.png\" width=\"13\" height=\"13\" alt=\"\" class=\"wp-image-2271 alignnone size-full\" \/> <strong>No acollida a compensaci\u00f3:<\/strong> L&#8217;energia produ\u00efda excedent\u00e0ria s&#8217;abocar\u00e0 i vendr\u00e0 a la xarxa.<\/p>\n<p>[\/et_pb_text][et_pb_text _builder_version=&#8221;4.5.3&#8243; _module_preset=&#8221;default&#8221; text_font_size=&#8221;16px&#8221; custom_padding=&#8221;25px|||||&#8221;]<\/p>\n<p>Obtenim la soluci\u00f3 \u00f2ptima per a cada instal\u00b7laci\u00f3.<\/p>\n<p>[\/et_pb_text][\/et_pb_column][\/et_pb_row][et_pb_row column_structure=&#8221;1_2,1_2&#8243; use_custom_gutter=&#8221;on&#8221; gutter_width=&#8221;4&#8243; make_equal=&#8221;on&#8221; _builder_version=&#8221;4.5.3&#8243; _module_preset=&#8221;default&#8221; module_alignment=&#8221;center&#8221;][et_pb_column type=&#8221;1_2&#8243; _builder_version=&#8221;4.5.3&#8243; _module_preset=&#8221;default&#8221;][et_pb_image src=&#8221;https:\/\/salvadorpalomares.es\/wp-content\/uploads\/2022\/09\/IMG-20220919-WA0010.jpg&#8221; title_text=&#8221;IMG-20220919-WA0010&#8243; _builder_version=&#8221;4.5.3&#8243; _module_preset=&#8221;default&#8221;][\/et_pb_image][\/et_pb_column][et_pb_column type=&#8221;1_2&#8243; _builder_version=&#8221;4.5.3&#8243; _module_preset=&#8221;default&#8221;][et_pb_image src=&#8221;https:\/\/salvadorpalomares.es\/wp-content\/uploads\/2022\/09\/IMG-20220919-WA0006.jpg&#8221; title_text=&#8221;IMG-20220919-WA0006&#8243; _builder_version=&#8221;4.5.3&#8243; _module_preset=&#8221;default&#8221; custom_padding=&#8221;||0px|||&#8221;][\/et_pb_image][\/et_pb_column][\/et_pb_row][et_pb_row _builder_version=&#8221;4.5.3&#8243; _module_preset=&#8221;default&#8221;][et_pb_column type=&#8221;4_4&#8243; _builder_version=&#8221;4.5.3&#8243; _module_preset=&#8221;default&#8221;][et_pb_cta title=&#8221;EXEMPLES&#8221; _builder_version=&#8221;4.5.3&#8243; _module_preset=&#8221;default&#8221; body_font_size=&#8221;16px&#8221; background_color=&#8221;#242424&#8243;]<\/p>\n<p><span>Habitatges, cobertes de naus industrials, marquesines per a p\u00e0rquing de cotxes\u2026<\/span><\/p>\n<p>[\/et_pb_cta][\/et_pb_column][\/et_pb_row][\/et_pb_section]<\/p>\n","protected":false},"excerpt":{"rendered":"<p>[et_pb_section fb_built=&#8221;1&#8243; fullwidth=&#8221;on&#8221; _builder_version=&#8221;4.5.3&#8243; _module_preset=&#8221;default&#8221; background_color=&#8221;#000000&#8243; background_enable_image=&#8221;off&#8221;][et_pb_fullwidth_slider use_bg_overlay=&#8221;on&#8221; bg_overlay_color=&#8221;#000000&#8243; _builder_version=&#8221;4.5.3&#8243; _module_preset=&#8221;default&#8221; background_enable_image=&#8221;off&#8221; custom_padding=&#8221;197px||211px|||&#8221;][et_pb_slide heading=&#8221;PROJECTES I INSTAL\u00b7LACIONS FOTOVOLTAIQUES D&#8217;AUTOCONSUM &#8221; button_text=&#8221;Contacta&#8217;ns&#8221; use_bg_overlay=&#8221;on&#8221; bg_overlay_color=&#8221;rgba(0,0,0,0.07)&#8221; _builder_version=&#8221;4.5.3&#8243; _module_preset=&#8221;default&#8221; header_font=&#8221;|700|||||||&#8221; header_text_color=&#8221;#ffffff&#8221; header_font_size=&#8221;28px&#8221; body_font=&#8221;|700|||||||&#8221; body_text_color=&#8221;#ffffff&#8221; body_font_size=&#8221;18px&#8221; background_color=&#8221;#000000&#8243; background_enable_color=&#8221;on&#8221; background_image=&#8221;https:\/\/salvadorpalomares.es\/wp-content\/uploads\/2022\/09\/IMG-20220919-WA0008.jpg&#8221; background_enable_image=&#8221;on&#8221; custom_button=&#8221;on&#8221; button_text_size=&#8221;18px&#8221; button_text_color=&#8221;#000000&#8243; button_bg_color=&#8221;#f4d400&#8243; button_border_color=&#8221;#f4d400&#8243; button_font=&#8221;|700|||||||&#8221; button_icon=&#8221;%%24%%&#8221; header_text_shadow_style=&#8221;preset1&#8243; header_text_shadow_horizontal_length=&#8221;0.05em&#8221; header_text_shadow_vertical_length=&#8221;0.13em&#8221; header_text_shadow_blur_strength=&#8221;0.13em&#8221; header_text_shadow_color=&#8221;rgba(0,0,0,0.58)&#8221; body_text_shadow_style=&#8221;preset1&#8243; body_text_shadow_horizontal_length=&#8221;0.11em&#8221; body_text_shadow_vertical_length=&#8221;0.15em&#8221; body_text_shadow_blur_strength=&#8221;0.13em&#8221; body_text_shadow_color=&#8221;rgba(0,0,0,0.61)&#8221;] Oferim un servei CLAU [&hellip;]<\/p>\n","protected":false},"author":10,"featured_media":0,"parent":0,"menu_order":0,"comment_status":"closed","ping_status":"closed","template":"","meta":{"_et_pb_use_builder":"on","_et_pb_old_content":"","_et_gb_content_width":""},"_links":{"self":[{"href":"https:\/\/salvadorpalomares.es\/ca\/wp-json\/wp\/v2\/pages\/2340"}],"collection":[{"href":"https:\/\/salvadorpalomares.es\/ca\/wp-json\/wp\/v2\/pages"}],"about":[{"href":"https:\/\/salvadorpalomares.es\/ca\/wp-json\/wp\/v2\/types\/page"}],"author":[{"embeddable":true,"href":"https:\/\/salvadorpalomares.es\/ca\/wp-json\/wp\/v2\/users\/10"}],"replies":[{"embeddable":true,"href":"https:\/\/salvadorpalomares.es\/ca\/wp-json\/wp\/v2\/comments?post=2340"}],"version-history":[{"count":3,"href":"https:\/\/salvadorpalomares.es\/ca\/wp-json\/wp\/v2\/pages\/2340\/revisions"}],"predecessor-version":[{"id":2466,"href":"https:\/\/salvadorpalomares.es\/ca\/wp-json\/wp\/v2\/pages\/2340\/revisions\/2466"}],"wp:attachment":[{"href":"https:\/\/salvadorpalomares.es\/ca\/wp-json\/wp\/v2\/media?parent=2340"}],"curies":[{"name":"wp","href":"https:\/\/api.w.org\/{rel}","templated":true}]}}

<p>[et_pb_section fb_built=&#8221;1&#8243; fullwidth=&#8221;on&#8221; _builder_version=&#8221;4.5.3&#8243; _module_preset=&#8221;default&#8221; background_color=&#8221;#000000&#8243; background_enable_image=&#8221;off&#8221;][et_pb_fullwidth_slider use_bg_overlay=&#8221;on&#8221; bg_overlay_color=&#8221;#000000&#8243; _builder_version=&#8221;4.5.3&#8243; _module_preset=&#8221;default&#8221; background_enable_image=&#8221;off&#8221; custom_padding=&#8221;197px||211px|||&#8221;][et_pb_slide heading=&#8221;PROJECTES I INSTAL·LACIONS FOTOVOLTAIQUES D&#8217;AUTOCONSUM &#8221; button_text=&#8221;Contacta&#8217;ns&#8221; use_bg_overlay=&#8221;on&#8221; bg_overlay_color=&#8221;rgba(0,0,0,0.07)&#8221; _builder_version=&#8221;4.5.3&#8243; _module_preset=&#8221;default&#8221; header_font=&#8221;|700|||||||&#8221; header_text_color=&#8221;#ffffff&#8221; header_font_size=&#8221;28px&#8221; body_font=&#8221;|700|||||||&#8221; body_text_color=&#8221;#ffffff&#8221; body_font_size=&#8221;18px&#8221; background_color=&#8221;#000000&#8243; background_enable_color=&#8221;on&#8221; background_image=&#8221;https://salvadorpalomares.es/wp-content/uploads/2022/09/IMG-20220919-WA0008.jpg&#8221; background_enable_image=&#8221;on&#8221; custom_button=&#8221;on&#8221; button_text_size=&#8221;18px&#8221; button_text_color=&#8221;#000000&#8243; button_bg_color=&#8221;#f4d400&#8243; button_border_color=&#8221;#f4d400&#8243; button_font=&#8221;|700|||||||&#8221; button_icon=&#8221;%%24%%&#8221; header_text_shadow_style=&#8221;preset1&#8243; header_text_shadow_horizontal_length=&#8221;0.05em&#8221; header_text_shadow_vertical_length=&#8221;0.13em&#8221; header_text_shadow_blur_strength=&#8221;0.13em&#8221; header_text_shadow_color=&#8221;rgba(0,0,0,0.58)&#8221; body_text_shadow_style=&#8221;preset1&#8243; body_text_shadow_horizontal_length=&#8221;0.11em&#8221; body_text_shadow_vertical_length=&#8221;0.15em&#8221; body_text_shadow_blur_strength=&#8221;0.13em&#8221; body_text_shadow_color=&#8221;rgba(0,0,0,0.61)&#8221;]</p>
<p><strong>Oferim un servei CLAU EN MÀ i tramitem les teves SUBVENCIONS.</strong></p>
<p>[/et_pb_slide][/et_pb_fullwidth_slider][/et_pb_section][et_pb_section fb_built=&#8221;1&#8243; _builder_version=&#8221;4.5.3&#8243; _module_preset=&#8221;default&#8221; background_color=&#8221;#f4d400&#8243; custom_padding=&#8221;0px||3px|||&#8221; box_shadow_style=&#8221;preset6&#8243; box_shadow_blur=&#8221;28px&#8221; box_shadow_spread=&#8221;-1px&#8221;][et_pb_row _builder_version=&#8221;4.5.3&#8243; _module_preset=&#8221;default&#8221;][et_pb_column type=&#8221;4_4&#8243; _builder_version=&#8221;4.5.3&#8243; _module_preset=&#8221;default&#8221;][et_pb_cta title=&#8221;PROJECTES D&#8217;INSTAL·LACIONS FOTOVOLTAIQUES&#8221; button_url=&#8221;#&#8221; _builder_version=&#8221;4.5.3&#8243; _module_preset=&#8221;default&#8221; header_font=&#8221;|700|||||||&#8221; header_text_color=&#8221;#002c5e&#8221; body_text_color=&#8221;#002c5e&#8221; body_font_size=&#8221;16px&#8221; background_color=&#8221;rgba(0,0,0,0)&#8221; custom_button=&#8221;on&#8221; button_text_size=&#8221;16px&#8221; button_text_color=&#8221;#ffffff&#8221; button_bg_color=&#8221;#002c5e&#8221; button_border_color=&#8221;#002c5e&#8221; button_border_radius=&#8221;5px&#8221; button_font=&#8221;|700|||||||&#8221; button_icon=&#8221;%%24%%&#8221; button_icon_color=&#8221;#f4d400&#8243; button_alignment=&#8221;center&#8221; button_bg_color__hover_enabled=&#8221;on|desktop&#8221; button_bg_color__hover=&#8221;#000000&#8243; button_bg_enable_color__hover=&#8221;on&#8221; button_text_color__hover_enabled=&#8221;on|hover&#8221; button_text_color__hover=&#8221;#ffffff&#8221; button_icon_color__hover_enabled=&#8221;on|hover&#8221; button_icon_color__hover=&#8221;#ffffff&#8221;]</p>
<p><span>L&#8217;energia solar continua creixent, e</span>ls nostres professionals s&#8217;emparen en la seva experiència en el disseny d&#8217;instal·lacions &gt; 2 GW en instal·lacions de venda d&#8217;energia i &gt; 4 MW en instal·lacions d&#8217;autoconsum.</p>
<p>[/et_pb_cta][/et_pb_column][/et_pb_row][/et_pb_section][et_pb_section fb_built=&#8221;1&#8243; _builder_version=&#8221;4.5.3&#8243; _module_preset=&#8221;default&#8221; background_color=&#8221;rgba(255,255,255,0.9)&#8221; background_image=&#8221;https://salvadorpalomares.es/wp-content/uploads/2022/09/IMG-20220919-WA0006.jpg&#8221; background_blend=&#8221;color-burn&#8221; custom_padding=&#8221;75px||47px|||&#8221;][et_pb_row _builder_version=&#8221;4.5.3&#8243; _module_preset=&#8221;default&#8221;][et_pb_column type=&#8221;4_4&#8243; _builder_version=&#8221;4.5.3&#8243; _module_preset=&#8221;default&#8221;][et_pb_text _builder_version=&#8221;4.5.3&#8243; _module_preset=&#8221;default&#8221; text_font_size=&#8221;16px&#8221; custom_padding=&#8221;32px|||||&#8221;]</p>
<p>Realitzem el disseny, l&#8217;optimització, la tramitació (prèvia i de legalització), l&#8217;execució, la supervisió i la posada en marxa d&#8217;instal·lacions fotovoltaiques d&#8217;autoconsum.</p>
<p>[/et_pb_text][et_pb_text _builder_version=&#8221;4.5.3&#8243; _module_preset=&#8221;default&#8221; text_text_color=&#8221;#ffffff&#8221; text_font_size=&#8221;16px&#8221; background_color=&#8221;#00208a&#8221; custom_margin=&#8221;0px||||false|false&#8221; custom_padding=&#8221;32px|7px|24px|35px|false|false&#8221; border_radii=&#8221;off||60px||60px&#8221; box_shadow_style=&#8221;preset2&#8243; box_shadow_blur=&#8221;19px&#8221; box_shadow_color=&#8221;rgba(0,0,0,0.55)&#8221;]</p>
<p><img loading="lazy" src="https://salvadorpalomares.es/wp-content/uploads/2022/09/pngegg-3.png" width="12" height="12" alt="" class="wp-image-2269 alignnone size-full" /> <strong>Instal·lacions d&#8217;autoconsum sense excedents:</strong></p>
<p>    &#8211; Podràs beneficiar-te de l&#8217;energia produïda consumint-la a l&#8217;instant o emmagatzemant-la per al consum posterior.</p>
<p><img loading="lazy" src="https://salvadorpalomares.es/wp-content/uploads/2022/09/pngegg-3.png" width="12" height="12" alt="" class="wp-image-2269 alignnone size-full" /> <strong>Instal·lacions d&#8217;autoconsum amb excedents:</strong></p>
<p style="padding-left: 60px;"><img loading="lazy" src="https://salvadorpalomares.es/wp-content/uploads/2022/09/pngegg-4.png" width="13" height="13" alt="" class="wp-image-2271 alignnone size-full" /> <strong>Acollida a compensació:</strong> L&#8217;energia produïda excedentària s&#8217;abocarà a la xarxa i generarà un descompte a la factura elèctrica.</p>
<p style="padding-left: 60px;"><img loading="lazy" src="https://salvadorpalomares.es/wp-content/uploads/2022/09/pngegg-4.png" width="13" height="13" alt="" class="wp-image-2271 alignnone size-full" /> <strong>No acollida a compensació:</strong> L&#8217;energia produïda excedentària s&#8217;abocarà i vendrà a la xarxa.</p>
<p>[/et_pb_text][et_pb_text _builder_version=&#8221;4.5.3&#8243; _module_preset=&#8221;default&#8221; text_font_size=&#8221;16px&#8221; custom_padding=&#8221;25px|||||&#8221;]</p>
<p>Obtenim la solució òptima per a cada instal·lació.</p>
<p>[/et_pb_text][/et_pb_column][/et_pb_row][et_pb_row column_structure=&#8221;1_2,1_2&#8243; use_custom_gutter=&#8221;on&#8221; gutter_width=&#8221;4&#8243; make_equal=&#8221;on&#8221; _builder_version=&#8221;4.5.3&#8243; _module_preset=&#8221;default&#8221; module_alignment=&#8221;center&#8221;][et_pb_column type=&#8221;1_2&#8243; _builder_version=&#8221;4.5.3&#8243; _module_preset=&#8221;default&#8221;][et_pb_image src=&#8221;https://salvadorpalomares.es/wp-content/uploads/2022/09/IMG-20220919-WA0010.jpg&#8221; title_text=&#8221;IMG-20220919-WA0010&#8243; _builder_version=&#8221;4.5.3&#8243; _module_preset=&#8221;default&#8221;][/et_pb_image][/et_pb_column][et_pb_column type=&#8221;1_2&#8243; _builder_version=&#8221;4.5.3&#8243; _module_preset=&#8221;default&#8221;][et_pb_image src=&#8221;https://salvadorpalomares.es/wp-content/uploads/2022/09/IMG-20220919-WA0006.jpg&#8221; title_text=&#8221;IMG-20220919-WA0006&#8243; _builder_version=&#8221;4.5.3&#8243; _module_preset=&#8221;default&#8221; custom_padding=&#8221;||0px|||&#8221;][/et_pb_image][/et_pb_column][/et_pb_row][et_pb_row _builder_version=&#8221;4.5.3&#8243; _module_preset=&#8221;default&#8221;][et_pb_column type=&#8221;4_4&#8243; _builder_version=&#8221;4.5.3&#8243; _module_preset=&#8221;default&#8221;][et_pb_cta title=&#8221;EXEMPLES&#8221; _builder_version=&#8221;4.5.3&#8243; _module_preset=&#8221;default&#8221; body_font_size=&#8221;16px&#8221; background_color=&#8221;#242424&#8243;]</p>
<p><span>Habitatges, cobertes de naus industrials, marquesines per a pàrquing de cotxes…</span></p>
<p>[/et_pb_cta][/et_pb_column][/et_pb_row][/et_pb_section]</p>
