{"id":2114,"date":"2017-10-13T07:25:47","date_gmt":"2017-10-13T07:25:47","guid":{"rendered":"https:\/\/salvadorpalomares.es\/proyectos-energeticos-valencia\/"},"modified":"2017-10-17T13:21:44","modified_gmt":"2017-10-17T13:21:44","slug":"projectes-electrics-valencia","status":"publish","type":"page","link":"https:\/\/salvadorpalomares.es\/ca\/projectes-electrics-valencia\/","title":{"rendered":"Projectes el\u00e8ctrics Valencia"},"content":{"rendered":"<p>[et_pb_section bb_built=&#8221;1&#8243; admin_label=&#8221;section&#8221; background_image=&#8221;https:\/\/salvadorpalomares.es\/wp-content\/uploads\/2016\/11\/75343-angel-egido-arquitecto-banner.jpg&#8221; transparent_background=&#8221;off&#8221; allow_player_pause=&#8221;off&#8221; inner_shadow=&#8221;off&#8221; parallax=&#8221;off&#8221; parallax_method=&#8221;on&#8221; make_fullwidth=&#8221;off&#8221; use_custom_width=&#8221;off&#8221; width_unit=&#8221;on&#8221; make_equal=&#8221;off&#8221; use_custom_gutter=&#8221;off&#8221;][et_pb_row admin_label=&#8221;row&#8221;][et_pb_column type=&#8221;4_4&#8243;][et_pb_cta admin_label=&#8221;Llamada a la acci\u00f3n&#8221; url_new_window=&#8221;off&#8221; use_background_color=&#8221;off&#8221; background_color=&#8221;#fed400&#8243; background_layout=&#8221;light&#8221; text_orientation=&#8221;center&#8221; use_border_color=&#8221;off&#8221; border_color=&#8221;#ffffff&#8221; border_style=&#8221;solid&#8221; custom_button=&#8221;off&#8221; button_letter_spacing=&#8221;0&#8243; button_use_icon=&#8221;default&#8221; button_icon_placement=&#8221;right&#8221; button_on_hover=&#8221;on&#8221; button_letter_spacing_hover=&#8221;0&#8243;]<\/p>\n<h1>Projectes el\u00e8ctrics a Val\u00e8ncia<\/h1>\n<p>[\/et_pb_cta][\/et_pb_column][\/et_pb_row][\/et_pb_section][et_pb_section bb_built=&#8221;1&#8243; admin_label=&#8221;Secci\u00f3n&#8221; fullwidth=&#8221;off&#8221; specialty=&#8221;off&#8221;][et_pb_row admin_label=&#8221;Fila&#8221;][et_pb_column type=&#8221;4_4&#8243;][et_pb_text admin_label=&#8221;Texto&#8221; background_layout=&#8221;light&#8221; text_orientation=&#8221;justified&#8221; use_border_color=&#8221;off&#8221; border_color=&#8221;#ffffff&#8221; border_style=&#8221;solid&#8221;]<\/p>\n<p>En els nostres projectes el\u00e8ctrics ens encarreguem de tot tipus de casos, sent especialistes en fer arribar el subministrament el\u00e8ctric on es necessite realitzant la distribuci\u00f3, c\u00e0lcul i disseny m\u00e9s adequat de la instal\u00b7laci\u00f3 segons el tipus de projecte i les necessitats que es requereixquen d&#8217;acord al seu reglament electrot\u00e8cnic ja siga d&#8217;Alta, Mitja o Baixa Tensi\u00f3.<\/p>\n<p>Cada projecte el portem a terme de forma \u00fanica i excepcional tant en la presa de dades en la ubicaci\u00f3 com a l&#8217;hora de realitzar-lo en el nostre estudi utilitzant els programes i m\u00e8todes m\u00e9s efica\u00e7os i la forma de treballar m\u00e9s efectiva sent supervisat regularment per evitar cap tipus d&#8217;incid\u00e8ncia. Despr\u00e9s ens enc\u00e0rreguem de la supervisi\u00f3 de l&#8217;execuci\u00f3 del projecte en la direcci\u00f3 d&#8217;obra per a assegurar una total seguretat i perfecci\u00f3.<\/p>\n<p>Comptem amb un gran historial i experi\u00e8ncia en diferents tipus de projectes el\u00e8ctrics i en projectes d&#8217;instal\u00b7lacions. Sent especialistes en la tramitaci\u00f3 de la documentaci\u00f3 necess\u00e0ria per posar en marxa instal\u00b7lacions en qualsevol tipus d&#8217;instal\u00b7laci\u00f3.<\/p>\n<p>[\/et_pb_text][\/et_pb_column][\/et_pb_row][et_pb_row admin_label=&#8221;Fila&#8221;][et_pb_column type=&#8221;1_2&#8243;][et_pb_text admin_label=&#8221;Texto&#8221; background_layout=&#8221;light&#8221; text_orientation=&#8221;left&#8221; use_border_color=&#8221;off&#8221; border_color=&#8221;#ffffff&#8221; border_style=&#8221;solid&#8221;]<\/p>\n<p>En els nostres projectes el\u00e8ctrics ens encarreguem de tot tipus de casos, sent especialistes en fer arribar el subministrament el\u00e8ctric on es necessite realitzant la distribuci\u00f3, c\u00e0lcul i disseny m\u00e9s adequat de la instal\u00b7laci\u00f3 segons el tipus de projecte i les necessitats que es requereixquen d&#8217;acord al seu reglament electrot\u00e8cnic ja siga d&#8217;Alta, Mitja o Baixa Tensi\u00f3.<\/p>\n<p>Cada projecte el portem a terme de forma \u00fanica i excepcional tant en la presa de dades en la ubicaci\u00f3 com a l&#8217;hora de realitzar-lo en el nostre estudi utilitzant els programes i m\u00e8todes m\u00e9s efica\u00e7os i la forma de treballar m\u00e9s efectiva sent supervisat regularment per evitar cap tipus d&#8217;incid\u00e8ncia. Despr\u00e9s ens enc\u00e0rreguem de la supervisi\u00f3 de l&#8217;execuci\u00f3 del projecte en la direcci\u00f3 d&#8217;obra per a assegurar una total seguretat i perfecci\u00f3.<\/p>\n<p>Comptem amb un gran historial i experi\u00e8ncia en diferents tipus de projectes el\u00e8ctrics i en projectes d&#8217;instal\u00b7lacions. Sent especialistes en la tramitaci\u00f3 de la documentaci\u00f3 necess\u00e0ria per posar en marxa instal\u00b7lacions en qualsevol tipus d&#8217;instal\u00b7laci\u00f3.<\/p>\n<p>[\/et_pb_text][\/et_pb_column][et_pb_column type=&#8221;1_2&#8243;][et_pb_contact_form admin_label=&#8221;Formulario de contacto&#8221; captcha=&#8221;on&#8221; email=&#8221;salvador@salvadorpalomares.es&#8221; use_redirect=&#8221;on&#8221; redirect_url=&#8221;https:\/\/salvadorpalomares.es\/gracias-por-contactar-con-nosotros\/&#8221; success_message=&#8221;Gr\u00e0cies per contactar amb nosaltres!&#8221; input_border_radius=&#8221;0&#8243; use_border_color=&#8221;off&#8221; border_color=&#8221;#ffffff&#8221; border_style=&#8221;solid&#8221; custom_button=&#8221;off&#8221; button_letter_spacing=&#8221;0&#8243; button_use_icon=&#8221;default&#8221; button_icon_placement=&#8221;right&#8221; button_on_hover=&#8221;on&#8221; button_letter_spacing_hover=&#8221;0&#8243;] [et_pb_contact_field field_title=&#8221;Nombre&#8221; field_type=&#8221;input&#8221; field_id=&#8221;Name&#8221; required_mark=&#8221;on&#8221; fullwidth_field=&#8221;off&#8221; \/][et_pb_contact_field field_title=&#8221;Direcci\u00f3n de correo electr\u00f3nico&#8221; field_type=&#8221;email&#8221; field_id=&#8221;Email&#8221; required_mark=&#8221;on&#8221; fullwidth_field=&#8221;off&#8221; \/][et_pb_contact_field field_id=&#8221;Input&#8221; field_title=&#8221;Telefono&#8221; field_type=&#8221;input&#8221; required_mark=&#8221;on&#8221; fullwidth_field=&#8221;on&#8221; form_field_font_select=&#8221;default&#8221; form_field_font=&#8221;||||&#8221; use_border_color=&#8221;off&#8221; border_style=&#8221;solid&#8221; \/][et_pb_contact_field field_title=&#8221;Mensaje&#8221; field_type=&#8221;text&#8221; field_id=&#8221;Message&#8221; required_mark=&#8221;on&#8221; fullwidth_field=&#8221;on&#8221; \/] [\/et_pb_contact_form][\/et_pb_column][\/et_pb_row][\/et_pb_section]<\/p>\n","protected":false},"excerpt":{"rendered":"<p>[et_pb_section bb_built=&#8221;1&#8243; admin_label=&#8221;section&#8221; background_image=&#8221;https:\/\/salvadorpalomares.es\/wp-content\/uploads\/2016\/11\/75343-angel-egido-arquitecto-banner.jpg&#8221; transparent_background=&#8221;off&#8221; allow_player_pause=&#8221;off&#8221; inner_shadow=&#8221;off&#8221; parallax=&#8221;off&#8221; parallax_method=&#8221;on&#8221; make_fullwidth=&#8221;off&#8221; use_custom_width=&#8221;off&#8221; width_unit=&#8221;on&#8221; make_equal=&#8221;off&#8221; use_custom_gutter=&#8221;off&#8221;][et_pb_row admin_label=&#8221;row&#8221;][et_pb_column type=&#8221;4_4&#8243;][et_pb_cta admin_label=&#8221;Llamada a la acci\u00f3n&#8221; url_new_window=&#8221;off&#8221; use_background_color=&#8221;off&#8221; background_color=&#8221;#fed400&#8243; background_layout=&#8221;light&#8221; text_orientation=&#8221;center&#8221; use_border_color=&#8221;off&#8221; border_color=&#8221;#ffffff&#8221; border_style=&#8221;solid&#8221; custom_button=&#8221;off&#8221; button_letter_spacing=&#8221;0&#8243; button_use_icon=&#8221;default&#8221; button_icon_placement=&#8221;right&#8221; button_on_hover=&#8221;on&#8221; button_letter_spacing_hover=&#8221;0&#8243;] Projectes el\u00e8ctrics a Val\u00e8ncia [\/et_pb_cta][\/et_pb_column][\/et_pb_row][\/et_pb_section][et_pb_section bb_built=&#8221;1&#8243; admin_label=&#8221;Secci\u00f3n&#8221; fullwidth=&#8221;off&#8221; specialty=&#8221;off&#8221;][et_pb_row admin_label=&#8221;Fila&#8221;][et_pb_column type=&#8221;4_4&#8243;][et_pb_text admin_label=&#8221;Texto&#8221; background_layout=&#8221;light&#8221; text_orientation=&#8221;justified&#8221; use_border_color=&#8221;off&#8221; border_color=&#8221;#ffffff&#8221; border_style=&#8221;solid&#8221;] En els nostres projectes [&hellip;]<\/p>\n","protected":false},"author":10,"featured_media":0,"parent":0,"menu_order":0,"comment_status":"closed","ping_status":"closed","template":"","meta":{"_et_pb_use_builder":"on","_et_pb_old_content":"","_et_gb_content_width":""},"_links":{"self":[{"href":"https:\/\/salvadorpalomares.es\/ca\/wp-json\/wp\/v2\/pages\/2114"}],"collection":[{"href":"https:\/\/salvadorpalomares.es\/ca\/wp-json\/wp\/v2\/pages"}],"about":[{"href":"https:\/\/salvadorpalomares.es\/ca\/wp-json\/wp\/v2\/types\/page"}],"author":[{"embeddable":true,"href":"https:\/\/salvadorpalomares.es\/ca\/wp-json\/wp\/v2\/users\/10"}],"replies":[{"embeddable":true,"href":"https:\/\/salvadorpalomares.es\/ca\/wp-json\/wp\/v2\/comments?post=2114"}],"version-history":[{"count":4,"href":"https:\/\/salvadorpalomares.es\/ca\/wp-json\/wp\/v2\/pages\/2114\/revisions"}],"predecessor-version":[{"id":2115,"href":"https:\/\/salvadorpalomares.es\/ca\/wp-json\/wp\/v2\/pages\/2114\/revisions\/2115"}],"wp:attachment":[{"href":"https:\/\/salvadorpalomares.es\/ca\/wp-json\/wp\/v2\/media?parent=2114"}],"curies":[{"name":"wp","href":"https:\/\/api.w.org\/{rel}","templated":true}]}}

Projectes elèctrics Valencia

<p>[et_pb_section bb_built=&#8221;1&#8243; admin_label=&#8221;section&#8221; background_image=&#8221;https://salvadorpalomares.es/wp-content/uploads/2016/11/75343-angel-egido-arquitecto-banner.jpg&#8221; transparent_background=&#8221;off&#8221; allow_player_pause=&#8221;off&#8221; inner_shadow=&#8221;off&#8221; parallax=&#8221;off&#8221; parallax_method=&#8221;on&#8221; make_fullwidth=&#8221;off&#8221; use_custom_width=&#8221;off&#8221; width_unit=&#8221;on&#8221; make_equal=&#8221;off&#8221; use_custom_gutter=&#8221;off&#8221;][et_pb_row admin_label=&#8221;row&#8221;][et_pb_column type=&#8221;4_4&#8243;][et_pb_cta admin_label=&#8221;Llamada a la acción&#8221; url_new_window=&#8221;off&#8221; use_background_color=&#8221;off&#8221; background_color=&#8221;#fed400&#8243; background_layout=&#8221;light&#8221; text_orientation=&#8221;center&#8221; use_border_color=&#8221;off&#8221; border_color=&#8221;#ffffff&#8221; border_style=&#8221;solid&#8221; custom_button=&#8221;off&#8221; button_letter_spacing=&#8221;0&#8243; button_use_icon=&#8221;default&#8221; button_icon_placement=&#8221;right&#8221; button_on_hover=&#8221;on&#8221; button_letter_spacing_hover=&#8221;0&#8243;]</p>
<h1>Projectes elèctrics a València</h1>
<p>[/et_pb_cta][/et_pb_column][/et_pb_row][/et_pb_section][et_pb_section bb_built=&#8221;1&#8243; admin_label=&#8221;Sección&#8221; fullwidth=&#8221;off&#8221; specialty=&#8221;off&#8221;][et_pb_row admin_label=&#8221;Fila&#8221;][et_pb_column type=&#8221;4_4&#8243;][et_pb_text admin_label=&#8221;Texto&#8221; background_layout=&#8221;light&#8221; text_orientation=&#8221;justified&#8221; use_border_color=&#8221;off&#8221; border_color=&#8221;#ffffff&#8221; border_style=&#8221;solid&#8221;]</p>
<p>En els nostres projectes elèctrics ens encarreguem de tot tipus de casos, sent especialistes en fer arribar el subministrament elèctric on es necessite realitzant la distribució, càlcul i disseny més adequat de la instal·lació segons el tipus de projecte i les necessitats que es requereixquen d&#8217;acord al seu reglament electrotècnic ja siga d&#8217;Alta, Mitja o Baixa Tensió.</p>
<p>Cada projecte el portem a terme de forma única i excepcional tant en la presa de dades en la ubicació com a l&#8217;hora de realitzar-lo en el nostre estudi utilitzant els programes i mètodes més eficaços i la forma de treballar més efectiva sent supervisat regularment per evitar cap tipus d&#8217;incidència. Després ens encàrreguem de la supervisió de l&#8217;execució del projecte en la direcció d&#8217;obra per a assegurar una total seguretat i perfecció.</p>
<p>Comptem amb un gran historial i experiència en diferents tipus de projectes elèctrics i en projectes d&#8217;instal·lacions. Sent especialistes en la tramitació de la documentació necessària per posar en marxa instal·lacions en qualsevol tipus d&#8217;instal·lació.</p>
<p>[/et_pb_text][/et_pb_column][/et_pb_row][et_pb_row admin_label=&#8221;Fila&#8221;][et_pb_column type=&#8221;1_2&#8243;][et_pb_text admin_label=&#8221;Texto&#8221; background_layout=&#8221;light&#8221; text_orientation=&#8221;left&#8221; use_border_color=&#8221;off&#8221; border_color=&#8221;#ffffff&#8221; border_style=&#8221;solid&#8221;]</p>
<p>En els nostres projectes elèctrics ens encarreguem de tot tipus de casos, sent especialistes en fer arribar el subministrament elèctric on es necessite realitzant la distribució, càlcul i disseny més adequat de la instal·lació segons el tipus de projecte i les necessitats que es requereixquen d&#8217;acord al seu reglament electrotècnic ja siga d&#8217;Alta, Mitja o Baixa Tensió.</p>
<p>Cada projecte el portem a terme de forma única i excepcional tant en la presa de dades en la ubicació com a l&#8217;hora de realitzar-lo en el nostre estudi utilitzant els programes i mètodes més eficaços i la forma de treballar més efectiva sent supervisat regularment per evitar cap tipus d&#8217;incidència. Després ens encàrreguem de la supervisió de l&#8217;execució del projecte en la direcció d&#8217;obra per a assegurar una total seguretat i perfecció.</p>
<p>Comptem amb un gran historial i experiència en diferents tipus de projectes elèctrics i en projectes d&#8217;instal·lacions. Sent especialistes en la tramitació de la documentació necessària per posar en marxa instal·lacions en qualsevol tipus d&#8217;instal·lació.</p>
<p>[/et_pb_text][/et_pb_column][et_pb_column type=&#8221;1_2&#8243;][et_pb_contact_form admin_label=&#8221;Formulario de contacto&#8221; captcha=&#8221;on&#8221; email=&#8221;salvador@salvadorpalomares.es&#8221; use_redirect=&#8221;on&#8221; redirect_url=&#8221;https://salvadorpalomares.es/gracias-por-contactar-con-nosotros/&#8221; success_message=&#8221;Gràcies per contactar amb nosaltres!&#8221; input_border_radius=&#8221;0&#8243; use_border_color=&#8221;off&#8221; border_color=&#8221;#ffffff&#8221; border_style=&#8221;solid&#8221; custom_button=&#8221;off&#8221; button_letter_spacing=&#8221;0&#8243; button_use_icon=&#8221;default&#8221; button_icon_placement=&#8221;right&#8221; button_on_hover=&#8221;on&#8221; button_letter_spacing_hover=&#8221;0&#8243;] [et_pb_contact_field field_title=&#8221;Nombre&#8221; field_type=&#8221;input&#8221; field_id=&#8221;Name&#8221; required_mark=&#8221;on&#8221; fullwidth_field=&#8221;off&#8221; /][et_pb_contact_field field_title=&#8221;Dirección de correo electrónico&#8221; field_type=&#8221;email&#8221; field_id=&#8221;Email&#8221; required_mark=&#8221;on&#8221; fullwidth_field=&#8221;off&#8221; /][et_pb_contact_field field_id=&#8221;Input&#8221; field_title=&#8221;Telefono&#8221; field_type=&#8221;input&#8221; required_mark=&#8221;on&#8221; fullwidth_field=&#8221;on&#8221; form_field_font_select=&#8221;default&#8221; form_field_font=&#8221;||||&#8221; use_border_color=&#8221;off&#8221; border_style=&#8221;solid&#8221; /][et_pb_contact_field field_title=&#8221;Mensaje&#8221; field_type=&#8221;text&#8221; field_id=&#8221;Message&#8221; required_mark=&#8221;on&#8221; fullwidth_field=&#8221;on&#8221; /] [/et_pb_contact_form][/et_pb_column][/et_pb_row][/et_pb_section]</p>

<p>[et_pb_section bb_built=&#8221;1&#8243; admin_label=&#8221;section&#8221; background_image=&#8221;https://salvadorpalomares.es/wp-content/uploads/2016/11/75343-angel-egido-arquitecto-banner.jpg&#8221; transparent_background=&#8221;off&#8221; allow_player_pause=&#8221;off&#8221; inner_shadow=&#8221;off&#8221; parallax=&#8221;off&#8221; parallax_method=&#8221;on&#8221; make_fullwidth=&#8221;off&#8221; use_custom_width=&#8221;off&#8221; width_unit=&#8221;on&#8221; make_equal=&#8221;off&#8221; use_custom_gutter=&#8221;off&#8221;][et_pb_row admin_label=&#8221;row&#8221;][et_pb_column type=&#8221;4_4&#8243;][et_pb_cta admin_label=&#8221;Llamada a la acción&#8221; url_new_window=&#8221;off&#8221; use_background_color=&#8221;off&#8221; background_color=&#8221;#fed400&#8243; background_layout=&#8221;light&#8221; text_orientation=&#8221;center&#8221; use_border_color=&#8221;off&#8221; border_color=&#8221;#ffffff&#8221; border_style=&#8221;solid&#8221; custom_button=&#8221;off&#8221; button_letter_spacing=&#8221;0&#8243; button_use_icon=&#8221;default&#8221; button_icon_placement=&#8221;right&#8221; button_on_hover=&#8221;on&#8221; button_letter_spacing_hover=&#8221;0&#8243;] Projectes elèctrics a València [/et_pb_cta][/et_pb_column][/et_pb_row][/et_pb_section][et_pb_section bb_built=&#8221;1&#8243; admin_label=&#8221;Sección&#8221; fullwidth=&#8221;off&#8221; specialty=&#8221;off&#8221;][et_pb_row admin_label=&#8221;Fila&#8221;][et_pb_column type=&#8221;4_4&#8243;][et_pb_text admin_label=&#8221;Texto&#8221; background_layout=&#8221;light&#8221; text_orientation=&#8221;justified&#8221; use_border_color=&#8221;off&#8221; border_color=&#8221;#ffffff&#8221; border_style=&#8221;solid&#8221;] En els nostres projectes [&hellip;]</p>
